 = -3 + 3. Suppose a - 2*a = h. Suppose -2*r + b + 122 = a, 150 + 47 = 3*r + 2*b. Calculate the greatest common divisor of 7 and r.
7
Suppose -5*i = -f - 38, -i + 12 + 1 = -2*f. Let t = -161 + 238. What is the highest common factor of t and i?
7
Let t = 10 - 8. Suppose -32 = u + t. Let a = 61 - u. What is the greatest common factor of 38 and a?
19
Let a be (-8)/14 + 167600/280. Calculate the highest common factor of 26 and a.
26
Let t(l) = 2*l**2 + 3*l - 38. Let f be t(4). Calculate the highest common divisor of 38 and f.
2
Let v = 4 + -1. Suppose 1051 + 1204 = 11*z. Suppose 5*a - 5*c - z = 0, v*c = -3*a + 45 + 48. What is the highest common factor of a and 4?
4
Let m be (2/(-7))/((-1)/7). Calculate the greatest common divisor of 18 and m.
2
Suppose -c + 3*n + 73 = 0, -4*c = n - 215 - 38. Calculate the highest common divisor of 72 and c.
8
Let x = -73 + 105. What is the greatest common factor of x and 1?
1
Suppose -6*i + 9*i = -30. Let p be (i + 7)/((-6)/8). Suppose 5*x - p*x = 14. What is the highest common divisor of 2 and x?
2
Suppose 116*g - 164*g + 1296 = 0. Calculate the greatest common divisor of g and 387.
9
Suppose -h + 2*z = -2*z - 29, 0 = 2*h - 5*z - 52. What is the highest common divisor of 42 and h?
21
Let o be 449 + 24/(-30)*(-45)/6. Calculate the greatest common factor of 35 and o.
35
Let p = -1 + 5. Suppose -5*w = -p*w - 3. Let n be 1 + w*(-186)/(-9). What is the highest common divisor of n and 7?
7
Suppose -89*b = -106*b + 442. What is the greatest common factor of b and 182?
26
Let q be 2/6 + (-95)/(-3). Let b = -27 + q. Calculate the highest common divisor of 20 and b.
5
Let y be ((-12)/(-24))/(-5 + (-751)/(-150)). Calculate the highest common factor of y and 50.
25
Suppose -3*x - 12 = -3*h, -2*x - 3*x - 11 = -2*h. Let r be 2 + (-5)/5 - 5/x. What is the highest common divisor of 24 and r?
6
Let w = -1991 - -2051. Let b = -9 - -14. What is the highest common divisor of w and b?
5
Let y(t) = -5*t**3 - t**2 - 9*t - 29. Let v be y(-3). What is the highest common factor of v and 310?
62
Let b be (-14)/(-21) + 1/3. Let p be (-5)/(-5) + b + 1. Suppose -3*j + 5*m + 0*m = -24, p*m = 9. What is the highest common factor of 13 and j?
13
Let p = -6 - -59. Let l be p - ((5 - 4) + -3). What is the greatest common divisor of 22 and l?
11
Let a = 26 - 10. Let r = -164 + 180. What is the highest common factor of a and r?
16
Suppose 4*y = 5*i - 2*i + 294, -4*i - 3*y - 392 = 0. Let t = i - -143. Calculate the greatest common divisor of 27 and t.
9
Let x = -188 - -227. What is the greatest common divisor of 78 and x?
39
Let g(q) = 2*q - 22. Let u be g(12). Suppose 5*i - 167 = -u*v, -i + 4*v = -57 + 6. What is the greatest common divisor of 175 and i?
35
Let i = -35 + 37. Suppose 3*o - 11 = -i*p, -4*p - 2 + 3 = -o. Let n be (-7)/(1*-1 + 0). Calculate the greatest common factor of p and n.
1
Let i be 65 + 3 + (-12)/9*3. Suppose 0 = 4*w - 32 - i. Let c be -2*(-3)/(-6)*-8. Calculate the highest common divisor of w and c.
8
Let z be 2 - 1 - -113*1. Let g(q) = q**2 - 24*q + 178. Let f be g(10). Calculate the greatest common divisor of f and z.
38
Suppose 100*l = 108*l - 6200. Calculate the greatest common divisor of 25 and l.
25
Let p = -12 - -21. Let i be (-2 + p - 4) + 35. Let l = -17 + i. Calculate the greatest common divisor of 7 and l.
7
Suppose -41*u + 37*u = -416. What is the highest common factor of 156 and u?
52
Let w be (-7854)/(-49) - (-2)/(-7). Calculate the greatest common divisor of w and 1080.
40
Suppose 20 = 5*i - r, i - 6*i = -2*r - 20. Suppose 0*s - s = -4, 215 = u - s. Suppose 9*b = u - 39. Calculate the highest common factor of i and b.
4
Let s(j) be the third derivative of -j**4/6 - 49*j**3/6 - 13*j**2. Let q be s(-15). Calculate the highest common divisor of 55 and q.
11
Let k be (274/5)/(104/520). What is the highest common factor of k and 685?
137
Suppose 10 = -2*x + 7*x - r, -31 = -2*x - 5*r. Suppose 2 - 26 = x*y. Let w(m) = m**2 - m - 12. Let k be w(y). What is the greatest common factor of k and 12?
12
Let m(w) = -2*w**2 + 36. Let q be m(0). What is the greatest common divisor of q and 306?
18
Let o(w) = 5*w**2 + w - 1. Let n be o(1). Let b = -17 + 19. Suppose n*j - 36 = b*i, -i - 2*i = -j + 15. What is the highest common divisor of 9 and j?
3
Suppose -36*y + 13005 = 9*y. What is the greatest common divisor of 34 and y?
17
Let i be 3*(-6)/9 - (3 + -10). Suppose 235 + 115 = i*d. Calculate the highest common divisor of 28 and d.
14
Suppose 0 = 2*l - 6*l - 616. Let t = -66 - l. Let d = 343 + -332. What is the highest common factor of t and d?
11
Let f(u) = -u**2 - 7*u + 10. Let m be f(-9). Let w = m - -12. Suppose -4*q = -v + 88, -w*v - q + 452 = 3*q. What is the highest common divisor of v and 18?
18
Let m(j) = j**3 - 23*j**2 - 48*j - 43. Let z be m(25). What is the greatest common factor of 77 and z?
7
Suppose -2*r = -3*s - 0*r - 1, 4*s - 5*r + 6 = 0. Suppose 0 = -0*i + 5*i - 3*v - 25, -5*v = 25. Let m = 11 - i. Calculate the highest common factor of m and s.
1
Let m be (70 - -1)*1 + 1. Let u be (-5)/((-50)/12)*135/9. Suppose -49*s + u = -47*s. Calculate the highest common factor of m and s.
9
Suppose -6*i = -2312 - 460. Calculate the greatest common factor of i and 99.
33
Suppose 2*k - 4 = 0, 6*s - 38 = 2*s + k. Let n(j) = -29*j**2 - 3*j - 3. Let o be n(3). Let v = o - -383. Calculate the highest common divisor of s and v.
10
Suppose -383694 = -54*g - 74814. What is the greatest common factor of 13 and g?
13
Suppose 17*i - 1768 = -35*i. What is the greatest common divisor of i and 85?
17
Suppose 1224 - 3074 = -10*p. What is the highest common divisor of 148 and p?
37
Let x(w) = 39*w - 9. Let z be x(6). Suppose -146*f + 5617 + 7523 = 0. Calculate the greatest common divisor of f and z.
45
Suppose 7*q = 9*q - 20. Suppose -5*j + 35 = q. Suppose -2*i + 65 = j*g, 3*g - 17 = -2*i + 18. Calculate the greatest common divisor of 15 and g.
15
Let j be 50/20*(-192)/(-20). Calculate the greatest common factor of 80 and j.
8
Let f(z) = -8 - 3*z - 9 + 7*z. Let k be f(5). Suppose -8*c + 70 = -k*c. What is the greatest common divisor of 56 and c?
14
Let z = 274 - 272. Let t = -15 + 21. Calculate the greatest common divisor of z and t.
2
Let u = 1583 - 1484. Let h be 13*2 - (0 + -2). Let f = -17 + h. Calculate the highest common factor of f and u.
11
Suppose -166 = -4*f - 3*l, -5*f - 6*l + 2*l = -208. Suppose 0 = j - 10 + 6. Let b be 1 + -19*(-4)/j. What is the highest common divisor of f and b?
20
Let m(w) = -w. Let r(z) = -z**2 + 7*z + 12. Let t(f) = -4*m(f) + r(f). Let j be t(12). Let v = 84 - j. Calculate the highest common divisor of 21 and v.
21
Suppose 6 = 5*d + 1. Let q = 214 - 210. Calculate the highest common divisor of q and d.
1
Suppose 0 = -3*x - 5*c + 153, -3*x + 4*c + 156 - 3 = 0. What is the highest common divisor of x and 204?
51
Let o be (-30)/(-9)*(0 + -3). Let k = o + 15. Suppose -2*h - 3*s + s + 32 = 0, 0 = k*h + 2*s - 71. Calculate the greatest common divisor of 91 and h.
13
Let u(d) = d**3 - d**2 - d + 26. Let v(r) = -r**2 - 6*r. Let k be v(-6). Let w be u(k). Let b = 45 - 32. Calculate the highest common divisor of w and b.
13
Let d = -20 + 25. Suppose -d*l + 3 = 2*z - 52, -149 = -5*z - l. What is the highest common factor of z and 75?
15
Let b(x) = -11*x - 45. Let m = -36 + 26. Let w be b(m). Calculate the highest common factor of w and 26.
13
Let f(t) = t**3 + 10*t**2 + 7*t - 3. Let m be f(-9). Let d = -40 - -21. Let z = -14 - d. Calculate the highest common divisor of z and m.
5
Let x = 12 + -8. Let l = 1226 + -1198. What is the highest common factor of x and l?
4
Suppose v - t - 103 = -3*v, 3*t = 3. Let s(j) = -2*j - 1. Let k be s(3). Let g(o) = o**2 + o - 3. Let z be g(k). What is the highest common divisor of z and v?
13
Let q(p) = -p**3 + 3*p - 1. Let a be q(-3). Let d(o) = -o**2 - 26*o + 226. Let j be d(-32). Calculate the greatest common divisor of j and a.
17
Let o = 39 - 22. Let w(v) = -v + 13 + 9*v**2 + 7*v - 3*v**2. Let z be w(-4). Calculate the highest common divisor of o and z.
17
Let f be -3 - (-1446)/30 - (-2)/(-10). What is the highest common factor of f and 63?
9
Suppose -2 = -g - d, 5*d = -3*g + 1 + 1. Let a be (-5)/(20/(-63)) + 1/g. What is the highest common factor of a and 4?
4
Let w(f) = 